 (0 - 2)).
-1
Evaluate 12 - (22 - 6 - 11).
7
Evaluate -2 + 3 + -3 - -5.
3
-6 + 1 - (-6 + -3 + 5)
-1
(-9 - -8) + 8 + -3
4
What is -5 + 4 + 8 + -10?
-3
What is the value of 6 - (4 + -2 + 2)?
2
What is -4 - (-8 - (1 - 8))?
-3
What is the value of -4 - (6 - (-5 + 6 + 13))?
4
0 + -8 + 1 - -6
-1
Calculate 9 - (-4 + (-5 - -6) + 8).
4
What is the value of 5 + -2 - (8 + -3)?
-2
(-5 - -7 - 3) + 2 + -1
0
What is the value of -9 + (8 - (-2 + 6 - 3))?
-2
What is the value of -3 + -3 + (4 - -1)?
-1
Calculate 1 + (8 - 4) + -6 - -3.
2
Calculate 7 - (9 + (-10 - -7)).
1
What is the value of -5 + (-1 - 2) + (0 - -2)?
-6
What is (-1 + 2 - -1) + -3?
-1
What is the value of (0 - -1) + 104 + -110?
-5
Evaluate (1 - -5) + 1 + -6.
1
Evaluate 2 - (12 + -4) - -3.
-3
What is the value of -21 - -24 - 5 - (0 - -1)?
-3
Calculate 2 - (0 - 1 - (16 + -13)).
6
What is (3 + -6 - 2) + 7 - 5?
-3
What is the value of -1 + 0 - (22 - 28)?
5
5 + 1 + (-10 - (1 - 10))
5
Evaluate -10 + 6 + 4 + (-7 - 1).
-8
What is -1 - -1 - (-4 + 1)?
3
Evaluate -6 + -1 + -2 + 6.
-3
Calculate -1 - 5 - (-5 - -2).
-3
Evaluate (-3 - 1) + (-9 - (14 + -30)).
3
5 + 7 + -8 - 6
-2
Calculate 9 - (-1 - -1) - 4 - 8.
-3
What is -9 + 12 - (9 + 2)?
-8
What is 1 + (3 - 13) + 12?
3
What is 5 + (0 + 0 - (4 - 2))?
3
16 + (7 - (6 + (8 - 1)))
10
Evaluate 1 - -10 - 12 - (-2 - -1).
0
-9 + 5 + (0 - -2)
-2
Evaluate (-21 - (4 + -13)) + 14.
2
Calculate -2 + -2 + 6 + -7 + 2.
-3
What is 9 + -6 - (6 - 8 - -5)?
0
What is the value of -1 - 10 - (36 + -47)?
0
Calculate 1 - (4 + (6 - 4)).
-5
What is -1 + -1 + 165 + -159?
4
Evaluate -1 - ((1 - -2 - 3) + -1).
0
7 + -12 + -3 - -10
2
Evaluate 7 + -9 - 4 - 0.
-6
Calculate -17 - -21 - (1 - (-5 - -1)).
-1
What is the value of 6 - (3 + 1 + (-66 - -64))?
4
-8 - -12 - 6 - (5 + -1)
-6
What is -6 + 5 + -3 - -7?
3
What is 2 + 2 + -43 + 32?
-7
Evaluate 20 - 11 - (-1 + 4).
6
Evaluate 3 - (-5 + -4 + 4 + 3).
5
What is -6 + 0 + 1 - -7?
2
Evaluate (-3 - 6) + 6 - -6.
3
-9 + 9 + (0 - -3)
3
What is 1 - -10 - (17 - 2)?
-4
Calculate 1 + -1 - (-4 - -2) - 7.
-5
Calculate -1 - -3 - (1 + -2) - -2.
5
What is the value of (22 - 13) + -2 + -2?
5
Evaluate (8 - 4) + -2 + 1 - 3.
0
6 - 5 - (-1 - -4 - -1)
-3
Calculate (-4 - (-1 - 1)) + (-1 - -5).
2
Evaluate (-1 - 0) + -4 + 2.
-3
-1 + 2 - (-7 + 0 + 8)
0
Evaluate -4 + (2 - -2 - 6).
-6
Evaluate -2 + 6 + (2 + 2 - 4).
4
What is the value of -3 + 3 + (3 - -1) - 4?
0
What is the value of 6 + (-2 - 2) + 6?
8
Evaluate (0 + (-2 - -5) - 2) + 7.
8
What is (3 - (3 - (-4 - -7))) + 0?
3
What is -3 + 0 + 7 + 3 + -6?
1
3 - -2 - (19 + -11)
-3
Evaluate (0 - -2) + 1 + -5 + 4.
2
Calculate 1 - ((-7 - -10 - 6) + -2).
6
Evaluate -12 - ((-1 - 1) + -20).
10
What is the value of (3 - -1) + (-60 - -57)?
1
Evaluate (18 - 18) + (3 - -1).
4
Calculate -8 + 3 + 4 + -1 + -2.
-4
Evaluate -13 - -12 - -10 - (2 - 2).
9
(-16 - (-3 + -2)) + 7
-4
-1 + -5 - 0 - (150 + -152)
-4
Calculate 16 + -18 + -4 + -6 + 11.
-1
What is (-4 - -4) + 0 + -3?
-3
Calculate (12 - 0) + (14 - 19 - 1).
6
Calculate 13 - (15 + 0) - (-1 + -4).
3
(-17 - (-22 - -12)) + (2 - -1)
-4
-2 + 5 + -5 + (-1 - -7)
4
What is the value of (3 - 0 - -6) + -5 - -3?
7
Evaluate -9 - -4 - (-16 + 17).
-6
What is the value of -9 - 1 - (-7 - -4)?
-7
What is the value of -1 + 0 - (1 - -2)?
-4
5 - (4 + 0 + 1) - 2
-2
-1 - ((-6 - -3 - 3) + 4)
1
-2 + (-2 - (-10 + 5))
1
What is 8 + -5 - (0 - -1)?
2
Evaluate 0 - (-6 - (5 + -6)).
5
What is the value of 0 + 2 - (17 + (3 - 10))?
-8
Evaluate 10 + 0 - (16 - 13).
7
What is (2 - (-3 - -3)) + (-8 - -9)?
3
Calculate (36 - 30) + -9 + 1.
-2
Calculate -10 - (0 + 10 + -13).
-7
What is the value of -4 - (4 + -9 + 4)?
-3
What is -6 + (4 - -1 - -13 - 5)?
7
-4 - ((5 - 4 - -2) + -3)
-4
(4 - (5 + -2)) + (2 - 2)
1
Evaluate 61 + -50 - (0 + 1) - 5.
5
What is 3 + (-5 - (1 + -2)) - -3?
2
What is the value of -2 - -5 - (4 - (-2 + 3))?
0
Evaluate 8 + -5 + 4 + -1.
6
What is -9 + 7 + 3 + 0 + 0?
1
-3 + (0 - (0 - 8)) - 1
4
What is the value of (1 + 3 - 0 - -5) + -7?
2
What is the value of 2 + 10 + (-72 - -68)?
8
11 - (-6 - -5 - (-2 + -7))
3
What is the value of 1 - (1 + 1) - 0?
-1
Calculate -2 + 2 + (-5 - -2) + -2.
-5
Calculate 2 - 0 - (3 + -2).
1
-2 + (7 - 0) + -6
-1
What is the value of (-4 - -1) + (-6 + 2 - -12)?
5
(-9 - (-5 + 2 + -3)) + -3
-6
Calculate (1 - 0) + (-1 - 1) + 0.
-1
Evaluate (-1 - 0) + (-11 - -7).
-5
What is 3 - ((8 - 7) + 8)?
-6
Calculate 7 - (0 - (3 + -15)).
-5
Evaluate (3 + -3 - 4) + 4.
0
What is the value of (-1 - (-11 + 5)) + -1?
4
What is -3 - (3 - (2 + 1))?
-3
What is 0 - (5 + -2) - (1 - 1)?
-3
Calculate 0 - -9 - 2 - 3 - 4.
0
Evaluate 4 + (1 - 0) + (-5 - 0).
0
Calculate -7 + (3 - (-6 + -3)).
5
What is the value of (10 + -4 - (-1 - -2)) + -1?
4
What is -6 - (-8 + (-4 - -7))?
-1
What is the value of (0 - (3 - (6 - -2))) + -5?
0
What is -6 + -1 + 3 + 4?
0
Evaluate (-1 - -8) + (-17 - (3 + -15)).
2
What is the value of -7 + 4 - 2 - (8 - 6)?
-7
What is (1 - 2) + -6 + 4 + 7?
4
What is (3 - (2 + 2) - -3) + -2?
0
Calculate -9 + 3 + (-3 - -5).
-4
Calculate -28 + 4 + 13 - -20.
9
What is -6 - (-4 + (-1 - -5 - 0))?
-6
What is -3 + 1 + 5 + 0 + -2?
1
What is the value of (-3 - -7) + 2 + 3 + -5?
4
Evaluate (2 - -3) + (5 - 9).
1
-2 - (-9 - (0 - (1 - -1)))
5
Calculate -12 + (0 - -5) - -3.
-4
What is the value of 1 - (-12 + 0 + 5 + 3)?
5
Evaluate -6 - (-8 + (6 - 4)).
0
-8 - 1 - (20 + -24)
-5
Calculate 5 - (2 - (-4 - (-2 + -2))).
3
Evaluate -5 - (1 + -8 + (2 - -2)).
-2
What is (-1 - 4 - -3) + 3?
1
(0 - 3) + -1 - 0
-4
-9 - -1 - (-11 - (2 + -10))
-5
What is the value of (-3 - -1) + 1 - 1?
-2
What is (5 - 6 - 3) + 3 + -1?
-2
Evaluate -38 + 39 + (0 - (2 - 5)).
4
Evaluate -2 - (1 - 11 - -6).
2
Evaluate 2 + (-1 - -3 - 5) + -2.
-3
(-15 - -9) + 4 + 3 + -3
-2
What is (12 - 3) + -12 + (1 - 1)?
-3
Evaluate 2 + 1 - -1 - (-5 + 9).
0
What is (2 - 3 - 10) + (0 - -4)?
-7
What is the value of 4 + (-6 - (-5 - -2))?
1
What is the value of (18 - 28) + (-3 - -13)?
0
Evaluate 0 + (0 - (4 + -2)) + -3.
-5
What is the value of 1 + -1 + 2 + 1 + -6?
-3
What is the value of (1 + 0 - 3) + -9 + 8?
-3
Calculate (-1 - -3) + (32 + -1 - 23).
10
What is the value of (-17 - (6 + -15)) + 10?
2
What is (-4 - (1 - 10)) + -13 + 9?
1
What is the value of -13 - 1 - (193 - 200)?
-7
-6 - (-2 - (-4 - -4))
-4
Evaluate (-42 - -45) + 1 + -6.
-2
Evaluate (1 - (1 - (2 - -1))) + -2.
1
-1 + (-6 + 6 - -5)
4
What is 73 - 68 - (14 - 1)?
-8
Calculate -1 + -2 + -1 + 5 + -1.
0
Evaluate -10 + -3 + -38 + 43.
-8
What is -11 + 11 + -9 - -11?
2
-10 - (-8 - (11 + -3))
6
What is 0 + (0 - 9) - (-3 - 2)?
-4
Evaluate -3 + (-3 - -1) + (6 - 5).
-4
Calculate 3 - (4 + (1 - 6)) - 5.
-1
Evaluate 5 + 1 + (5 - -2 - 13).
0
What is the value of 6 + 4 + -3 + -3 + -2?
2
2 + (-2 - (0 + 1 + 3))
-4
7 + -12 + 4 + 4
3
What is -1 + -2 + 3 - 4?
-4
What is the value of -6 - (1 + (4 - 7))?
-4
What is the value of (-4 + 14 - -4) + -14?
0
What is the value of -2 - (7 - (-7 - (-21 - -7)))?
-2
(9 - 6 - 6 - 2) + 5
0
What is -7 - (2 + -6) - -2?
-1
What is the value of (2 - 7) + 10 + (-5 - -3)?
3
Evaluate 14 + -23 + (-4 - -10).
-3
What is the value of 0 - -2 - (4 + -4)?
2
Evaluate 2 - (-1 - (4 - 4 - 1)).
2
7 + -1 + (-3 - -4) + -5
2
-1 - 1 - (1 + 0)
-3
What is (1 - -2) + 0 + -51 + 45?
-3
What is the value of (4 - -2) + (16 - 26)?
-4
What is -4 - -2 - (-2 + -1)?
1
-4 - -1 - (57 - 58)
-2
Evaluate 1 + 2 + (-88 - -92).
7
Evaluate -9 + (-4 - (-4 + -9)).
0
-1 + -3 + (8 - (-2 - -9))
-3
What is the value of (2 - ((2 - -7) + -3)) + 0?
-4
Calculate (7 - 13) + 7 + 0.
1
Calculate 3 + 0 + 2 + (-1 - 1).
3
Evaluate 1 + 0 - (4 + -4 - -2).
-1
What is (1 - -1) + -14 + 8 + 7?
3
Evaluate -9 + 12 + -9 - -1.
-5
What is the value of -5 - (-9 - (-6 + 1) - 5)?
4
Evaluate -5 + (0 - 1) + -6 + 6.
-6
-7 + 4 - (0 - -1 - 2)
-2
What is the value of 1 + (2 - (1 + -2)) + -1?
3
What is (-1 - (9 + -5)) + (-2 - -2)?
-5
7 - (8 - (3 + 1)) - 0
3
1 + (-8 - (2 + -3)) + 2
-4
Evaluate (7 - (6 - (3 + 0))) + 0.
4
Evaluate 3 + (-3 - -4) + -2.
2
6 - (20 + -7) - -1
-6
What is -1 + 3 - (2 + -2)?
2
(-1 - 0) + (-54 - -53)
-2
What is -1 + 1 - 3 - -5?
2
Calculate (20 - 10) + -13 - -4.
1
Evaluate (-4 + 1 - -10) + -6.
1
What is -4 + (1 - 3 - -5)?
-1
Evaluate 2 + (4 - (-4 + 7) - -2).
5
What is the value of -11 - -6 - (-15 + 4)?
6
Calculate 5 - (15 - 6) - -6.
2
What is -18 + 21 - (-1 + 2)?
2
